) + 11).
14
Calculate 69 + (25 - 89) - (0 + 37).
-32
4 + 19 + (3 - 8)
18
What is -34 + 7 + 8 + (-89 - -95)?
-13
What is (-11 - 17) + 2 + 26?
0
-5 + (14 - (21 + -6))
-6
Evaluate -4 + -12 + 11 + 10.
5
What is 9 + (4 - (9 - -2) - -1) - 39?
-36
-7 + (-7 - 0) - -32
18
Calculate (-3 - 1 - (3 - -2)) + (33 - 26).
-2
Calculate -9 - (9 - (1 - -28) - -1).
10
Evaluate (-2 - (3 + -12)) + -5 + (-4 - -6).
4
Evaluate -15 + -5 - (-102 + 85).
-3
What is -10 + (-1 + -1 - -13)?
1
What is the value of -3 - (15 - -6) - -13 - -22?
11
Calculate -22 + -13 + 2 + 18.
-15
What is (-5 - -1) + 25 + -19 + -2 - 30?
-30
What is 10 + (11 - (-10 - (-3 + -11)))?
17
Calculate (10 - 2) + 31 + -61 + 26.
4
4 + (2 + 2 - (-20 - -10)) - 1
17
Evaluate (0 - 19) + -29 + 48 + -16.
-16
Calculate 4 - 32 - (48 - 70).
-6
Evaluate (6 - -1) + (4 - (-3 + 1)) + 0.
13
-20 - (3 + (0 - 2) - (23 + -28))
-26
Evaluate -17 + (59 - 35) + 30.
37
-4 + 7 + 14 - 25
-8
What is the value of 30 + 2 + -23 + -5?
4
Calculate -9 + -4 + 46 - 58.
-25
Calculate 14 - -5 - 22 - (1 + -14 - -1).
9
What is the value of 39 + -43 + 16 + -1?
11
Calculate 1 + (-2 - 3) + -16 + 8.
-12
Evaluate (3 + -8 - 5) + -3 + 25.
12
Evaluate 4 - 16 - (-11 - 0).
-1
Calculate 9 - (85 + -82 + (-9 - 1)).
16
Calculate (-4 - 0) + -2 - (30 + -5 + -25).
-6
162 - 120 - (-6 + 66)
-18
Evaluate 11 - 11 - (15 - -2 - -2).
-19
(4 - 6) + 12 + -24 - (1 - 7)
-8
What is the value of -11 - (10 - 22) - -19 - -2?
22
Evaluate -3 - -11 - ((-6 - -11 - 1) + -28).
32
Calculate -19 + -5 - -18 - (-11 - 0) - 14.
-9
What is the value of 3 - (0 + (13 - 19))?
9
Calculate -19 - -17 - (4 - (4 + 3 + 4)).
5
Calculate (3 - -5 - -1) + 2 - -4.
15
What is the value of -1 + -10 - -6 - (-6 - 3)?
4
Calculate -2 + 11 + 0 - (-18 - -41).
-14
-9 + -2 - (28 + -28)
-11
-33 - -17 - (-7 - 1) - -15
7
-2 + -9 + -7 + (-9 - -23)
-4
What is -43 + 21 - -31 - (-1 + 6) - 12?
-8
Calculate -9 + 18 + 3 + 10.
22
15 - (3 + (12 - -16))
-16
Calculate -8 + 15 + 1 + 13 + (4 - 0).
25
Evaluate 6 - (-10 + 3 + 5 + -2).
10
Evaluate (-4 - 11) + 18 - 10.
-7
Calculate 9 + -8 - (-11 + 9 - 0).
3
1077 - 1037 - (33 + 0)
7
Calculate -17 + (-3 + 12 - 18).
-26
Calculate 7 + (18 - 18) - 23.
-16
What is -25 + 15 + 3 + -5?
-12
Evaluate (-1 + -4 - 0) + 18 + (-15 - 11).
-13
What is -17 - (12 - 5 - 17)?
-7
What is the value of -15 + (4 - (33 - 28))?
-16
Calculate 59 + -80 - (-2 - 16).
-3
Calculate -17 + (-5 - 16 - -50).
12
What is -4 + 14 + -2 + 11?
19
What is -11 - (10 - (-1 + 17) - 3)?
-2
Calculate 6 + -14 + 3 - (-16 - -5).
6
Calculate 6 + 2 + -1 + -1 + (-50 - -48).
4
35 - 42 - ((20 - 0) + 2 + -3)
-26
Calculate 30 + (-24 - 49) + 17.
-26
What is 24 + 6 + (3 - 22)?
11
What is the value of (-1 - (-2 - (-2 - 1))) + -9 + 0?
-11
(-3 - -12) + -18 + (6 - -12)
9
What is the value of (138 - 144) + -10 + 1 - -7?
-8
What is -7 - 6 - -8 - (-8 + -18 - -10)?
11
13 + 5 + -3 + -3
12
What is the value of 11 + 1 - (-41 + 53)?
0
What is the value of -1322 + 1353 + -30 + 1?
2
Calculate -4 + (-2 - -5) + 90 + -104.
-15
Calculate 7 + 0 - ((45 - -6) + -63).
19
Calculate -4 + 2 + 0 + 1 + (0 - -10).
9
Evaluate -6 + (-9 + 5 - -4 - (-38 - -30)).
2
Calculate 36 + -1 + -24 + (2 - 0).
13
What is the value of 5 + (19 - (11 + -6)) + (-5 - 5)?
9
Calculate 0 - -9 - 0 - ((11 - 40) + 19).
19
Calculate 20 + -9 + (3 - -2).
16
Evaluate 9 + -4 + 13 + 11.
29
67 - 67 - (0 + -1)
1
What is the value of (-14 - -13) + -7 + 16?
8
What is the value of (-4 - (-6 - (-15 + 19))) + -16 + 0?
-10
Evaluate (-9 + 1 - 0) + -9 - -10.
-7
Evaluate 30 + (-3 - (2 - (13 + -10))) + 5.
33
What is the value of 19 - (-12 - (-15 + (-4 - -11)))?
23
-13 + (5 - 7) - -14 - -7
6
Calculate -6 + 13 + -2 + 3 + -10.
-2
(22 - 20) + 1 + 6 + 1
10
Calculate 0 + 8 + (11 - (11 + 3)).
5
Calculate 11 + 5 + -5 - (-33 + 28).
16
Evaluate -9 + 27 + -8 + 12 - 6.
16
Evaluate 10 + -30 + 5 - (-5 + 3 + -4).
-9
Evaluate -14 - 3 - (-48 - -34).
-3
Calculate -7 - ((4 - 3 - 0) + 8) - 2.
-18
0 + 1 + -23 + 13
-9
-24 + 26 + (9 - 18)
-7
Evaluate -12 + 0 + 0 + 63 + -61.
-10
What is -7 - -3 - (41 + -58)?
13
What is -746 + 751 - (-1 - (2 - -2))?
10
(5 + -6 - -3 - (6 + -6)) + -20
-18
What is the value of (-10 - (21 - 12)) + 15?
-4
What is the value of (18 - 20) + (2 - -4) - 18 - -6?
-8
Evaluate -3 + 3 - (4 + 13).
-17
Evaluate (21 - 9) + (-3 - (-14 + 6)).
17
What is the value of -6 + (9 - -3 - (-1 + 9))?
-2
Evaluate 7 - (0 + (-6 - -15)).
-2
21 - (-7 - (-39 - -17))
6
What is the value of 7 + (-24 - -47) + -13?
17
Evaluate (62 + -43 - 60) + 42.
1
2 + -13 + (2 - (-7 - 3))
1
0 + 1 + -1 + 165 + -175
-10
-1 + -3 + 2 - -17 - 9 - 4
2
-2 - (7 - (7 + (-4 - (12 - -4))))
-22
-4 + 13 + 6 + -15
0
Calculate -5 + 12 + -6 + -9 + 20.
12
Calculate -12 + 3 + 32 + -4 + -2.
17
Evaluate 46 + -84 - (-4 - (3 + 11)).
-20
What is -32 - (-29 + -3) - -4?
4
Evaluate -7 - -1 - (18 - ((-13 - -36) + 21)).
20
Calculate (-10 - -4 - -8 - 13) + 1 + 12.
2
25 - (33 - -7 - 7)
-8
What is 9 + (-7 - (9 - 11) - 16)?
-12
What is the value of -8 + (12 - 7 - (2 - 14))?
9
(5 - -15) + -8 + (4 - 31)
-15
-2 - -13 - 9 - (6 + -8 - -1)
3
What is 11 - -4 - (-2 - (-3 + -1))?
13
18 - (79 - 69 - (1 - 1))
8
2 - 0 - -30 - (57 - 53 - -5)
23
-7 - (-6 + 7 - 10) - (-4 - -3)
3
What is the value of 35 - (7 + (-13 - -9) - (-4 - 3))?
25
What is -2 + 0 - ((-37 - -6) + 17)?
12
Calculate 4 - (99 + -105 + -1 + 0 + 2).
9
Calculate 253 + -282 - (2 + (-2 - 14)).
-15
12 + 10 + -19 - 19
-16
What is the value of -121 - -124 - (-16 + -1 + 1)?
19
Calculate -3 + (-5 - 3) + -3 + -1 + -10.
-25
Calculate 2 - (-5 + (31 - 45)).
21
What is (14 + -10 - -9) + -8 + -3 + 9?
11
Evaluate 2 - (-9 + 0 - -6 - -2).
3
What is the value of 11 - (-12 - -19) - 16?
-12
Evaluate 2 + (17 - 9) - -2 - 8.
4
-18 - (-23 + (-2 - -22))
-15
What is the value of 1 + 1 + -3 + 4 + (-8 - 4)?
-9
Calculate (-11 - 1) + 16 + (-4 - (-8 + 14)).
-6
Evaluate (-56 + 3 - -37) + 18.
2
What is the value of 10 - (7 + 7 + 3 + -11)?
4
Calculate (-7 - (-2 - 4)) + -22 + 4.
-19
What is 2 - 29 - 5 - (-1 - (4 - 2))?
-29
What is the value of 0 - (-7 + 7 + -11)?
11
What is the value of 1 + -2 - ((-1 - -3) + 11 - 13)?
-1
8 + (-1 + 10 + -9 + -3 - 16)
-11
What is (2 - (-1 + 2 + 8)) + -2 + -6?
-15
What is 3 + (12 - 7 - 8) - (10 + -5)?
-5
What is the value of -40 + 47 + (-1 - -8) - -4?
18
(6 - (-7 + 6)) + (-9 - 3)
-5
Calculate (0 - 3) + 2 + 0 + -7 + 4.
-4
What is the value of 34 + (-34 - (-30 - -30))?
0
Calculate -29 + -1 - (7 - 4) - (408 + -416).
-25
Calculate (-7 - -23 - -1) + 0 + 1 + 6.
24
Calculate -12 - (9 + 1 + -58 + 57).
-21
What is 22 + 0 - (274 - 264)?
12
What is 10 - 58 - (-3 - 28)?
-17
Evaluate 97 + -126 + 16 + -1.
-14
-33 + (92 + -42 - 34)
-17
Evaluate -8 - ((-9 - 0) + 1 + 12).
-12
Evaluate (-180 - -187) + -2 + 7.
12
Evaluate 9 - 10 - (-5 - -22 - 22).
4
What is 2 + 9 + 13 + 8 - 8?
24
Calculate -17 - (-11 + 0 + (-168 - -168)).
-6
Evaluate 17 - (12 - (3 + 4)).
12
What is -7 - (-16 + (1 - 3) - (0 - -7))?
18
Evaluate -7 + (-17 - (2 + -18)).
-8
Evaluate 0 + -1 + 1 + 0 + -6.
-6
Evaluate 1 + 3 - (-7 + -7 + 11 + 10).
-3
-22 + 31 + -24 - -32
17
-11 + 15 - (-8 + 11 + -3)
4
What is 6 + -3 - (34 - 15)?
-16
-16 + (11 + -19 - -14)
-10
(-19 - -11) + (10 - (-4 + 4 + 14))
-12
What is the value of -7 - (-231 - -233 - (0 + -5 - -1))?
-13
Calculate 11 - 2 - (-8 + 9).
8
Evaluate 3 + (2 + -5 - -6).
6
5 - (7 + 5) - -17 - 0
10
What is (0 - 1) + -9 + (-12 - -17)?
-5
Evaluate 5 + (-3 + -2 + 10 - 1).
9
9 - (22 + ((6 - -1) + -14 - -7))
-13
Calculate 5 + (18 - (-3 + -2 + 6)).
22
What is -7 + 13 + -9 + 11 + -4 + 1?
5
-22 + (-38 - -31) + 36
7
Calculate (11 - (8 + -4)) + -13 + (1 - -5).
0
What is the value of 3 - (-22 + 12) - (-2 - 0)?
15
(-5 + 4 - 0) + 43 + -367 + 363
38
Evaluate 67 - 75 - (-3 + -26 + (-1 - 2)).
24
What is the value of -1 + -24 - (-109 - -72)?
12
What is the value of (21 - 28) + 2 + 16 + -2 + 2?
11
Evaluate -91 + 90 + 5 + -2.
2
Evaluate -5 + (1 - 14 - (33 + -40 + 3)).
-14
What is the value of -5 - (31 - (14 + 9 + -6))?
-19
Evaluate -4 + -4 + 2 + -15 + 32.
11
What is the value of (6542 - 6542) + (1 - (1 + 4))?
-4
Evaluate -62 + 21 + 45 - (34 + 1).
-31
What is (-18 - -10) + 46 + (-11 - -2) - -4?
33
What is the value of (-1 - 0 - (55 + -57)) + 1?
2
Calculate (-18 - 1) + (-309 - -308) + 11.
-9
Calculate 26 + -1 - (-1395 - -1385).
35
(6 - (13 + -6 + -1)) + -13
-13
0 + -11 + (-17